{"id":1215,"date":"2016-09-05T20:18:10","date_gmt":"2016-09-05T20:18:10","guid":{"rendered":"http:\/\/demos.famethemes.com\/screenr\/?page_id=19"},"modified":"2019-02-11T22:47:50","modified_gmt":"2019-02-11T21:47:50","slug":"social-media-marketing","status":"publish","type":"page","link":"http:\/\/daniel-baumann.net\/?page_id=1215","title":{"rendered":"Buch"},"content":{"rendered":"\n<div class=\"wp-block-media-text\" style=\"grid-template-columns:17% auto\"><figure class=\"wp-block-media-text__media\"><img loading=\"lazy\" width=\"305\" height=\"500\" src=\"http:\/\/daniel-baumann.net\/wp-content\/uploads\/2019\/02\/Buch.jpg\" alt=\"\" class=\"wp-image-1465\" srcset=\"http:\/\/daniel-baumann.net\/wp-content\/uploads\/2019\/02\/Buch.jpg 305w, http:\/\/daniel-baumann.net\/wp-content\/uploads\/2019\/02\/Buch-183x300.jpg 183w\" sizes=\"(max-width: 305px) 100vw, 305px\" \/><\/figure><div class=\"wp-block-media-text__content\">\n<p style=\"font-size:19px\">Ist die schw\u00e4bische Hausfrau ein gutes Vorbild f\u00fcr einen Finanzminister? Sollten die B\u00fcrger den demografischen Wandel f\u00fcrchten? Oder doch eher die Zinsenteignung? Und was ist, wenn die Wirtschaft nicht mehr w\u00e4chst? Mit ihrem Buch &#8222;Gute-Macht-Geschichten&#8220; stellen Daniel Baumann und Stephan Hebel beliebte Politikerfloskeln auf den Pr\u00fcfstand und er\u00f6ffnen neue Perspektiven auf die deutsche Politik. Sie zeigen, wie gezielt eingesetzte Begriffe den Diskurs \u00fcber die gesellschaftlichen Verh\u00e4ltnisse ver\u00e4ndern und das Spektrum m\u00f6glicher L\u00f6sungen beeinflussen.  Zur Buchvorstellung am 22. M\u00e4rz 2016 diskutierten die beiden Autoren vor vollem Haus mit  SPD-Politikerin Andrea Ypsilanti. Das Buch erreichte Platz 32 auf der &#8222;Spiegel-Bestsellerliste&#8220; in der Kategorie &#8222;Taschenbuch Sachb\u00fccher&#8220;.<\/p>\n<\/div><\/div>\n\n\n\n<div style=\"height:24px\" aria-hidden=\"true\" class=\"wp-block-spacer\"><\/div>\n\n\n\n<div class=\"wp-block-columns has-2-columns\">\n<div class=\"wp-block-column\">\n<blockquote class=\"wp-block-quote is-style-default\"><p> <em>\u201eIn ihrem Buch zeigen die beiden Autoren Daniel Baumann und Stephan Hebel, wie mithilfe von Sprache knallharte politische Realit\u00e4ten geschaffen werden.\u201c<\/em> <\/p><cite> 3sat &#8222;Kulturzeit&#8220; <\/cite><\/blockquote>\n\n\n\n<blockquote class=\"wp-block-quote is-style-default\"><p><em>&#8222;Sehr gut verst\u00e4ndlich und fachlich versiert. Dem Leser winkt viel Erkenntnisgewinn.&#8220;<\/em><\/p><cite> Heinz-J. Bontrup, \u00d6konomieprofessor <\/cite><\/blockquote>\n\n\n\n<blockquote class=\"wp-block-quote is-style-default\"><p><em>&#8222;Die Sprache der Macht in verst\u00e4ndliches Deutsch \u00fcbersetzt&#8220;<\/em><\/p><cite> SWR <\/cite><\/blockquote>\n\n\n\n<p><\/p>\n<\/div>\n\n\n\n<div class=\"wp-block-column\">\n<blockquote class=\"wp-block-quote is-style-default\"><p><em>&#8222;Eine vorz\u00fcgliche Analyse \u2026 ausgesprochen lesenswert&#8220;<\/em><\/p><cite>N\u00fcrnberger Nachrichten, Dieter Schwab <\/cite><\/blockquote>\n\n\n\n<blockquote class=\"wp-block-quote is-style-default\"><p><em>&#8222;Jetzt muss das Buch nur noch zur Standardlekt\u00fcre f\u00fcr Wirtschaftsredaktionen werden.&#8220;<\/em><\/p><cite> Der Freitag <\/cite><\/blockquote>\n\n\n\n<blockquote class=\"wp-block-quote is-style-default\"><p><em>&#8222;Diese hoch pr\u00e4gnanten Kurzanalysen zur Dechiffrierung der Mythen (&#8230;) machen die Qualit\u00e4t dieser gelungenen Aufkl\u00e4rung aus.<\/em><\/p><cite>Rudolf Hickel, \u00d6konomieprofessor und Publizist, in: Bl\u00e4tter f\u00fcr deutsche und internationale Politik<\/cite><\/blockquote>\n<\/div>\n<\/div>\n","protected":false},"excerpt":{"rendered":"<p>Ist die schw\u00e4bische Hausfrau ein gutes Vorbild f\u00fcr einen Finanzminister? Sollten die B\u00fcrger den demografischen Wandel f\u00fcrchten? Und was ist, wenn die Wirtschaft nicht mehr w\u00e4chst? Das Buch &#8222;Gute-Macht-Geschichten&#8220; r\u00fcttelt an beliebten Politikerfloskeln und   er\u00f6ffnet neue Perspektiven auf die deutsche Politik. Fundiert recherchiert, launig geschrieben. <\/p>\n","protected":false},"author":2,"featured_media":20,"parent":0,"menu_order":0,"comment_status":"closed","ping_status":"closed","template":"","meta":[],"_links":{"self":[{"href":"http:\/\/daniel-baumann.net\/index.php?rest_route=\/wp\/v2\/pages\/1215"}],"collection":[{"href":"http:\/\/daniel-baumann.net\/index.php?rest_route=\/wp\/v2\/pages"}],"about":[{"href":"http:\/\/daniel-baumann.net\/index.php?rest_route=\/wp\/v2\/types\/page"}],"author":[{"embeddable":true,"href":"http:\/\/daniel-baumann.net\/index.php?rest_route=\/wp\/v2\/users\/2"}],"replies":[{"embeddable":true,"href":"http:\/\/daniel-baumann.net\/index.php?rest_route=%2Fwp%2Fv2%2Fcomments&post=1215"}],"version-history":[{"count":22,"href":"http:\/\/daniel-baumann.net\/index.php?rest_route=\/wp\/v2\/pages\/1215\/revisions"}],"predecessor-version":[{"id":1497,"href":"http:\/\/daniel-baumann.net\/index.php?rest_route=\/wp\/v2\/pages\/1215\/revisions\/1497"}],"wp:featuredmedia":[{"embeddable":true,"href":"http:\/\/daniel-baumann.net\/index.php?rest_route=\/wp\/v2\/media\/20"}],"wp:attachment":[{"href":"http:\/\/daniel-baumann.net\/index.php?rest_route=%2Fwp%2Fv2%2Fmedia&parent=1215"}],"curies":[{"name":"wp","href":"https:\/\/api.w.org\/{rel}","templated":true}]}}

<div class="wp-block-media-text" style="grid-template-columns:17% auto"><figure class="wp-block-media-text__media"><img loading="lazy" width="305" height="500" src="http://daniel-baumann.net/wp-content/uploads/2019/02/Buch.jpg" alt="" class="wp-image-1465" srcset="http://daniel-baumann.net/wp-content/uploads/2019/02/Buch.jpg 305w, http://daniel-baumann.net/wp-content/uploads/2019/02/Buch-183x300.jpg 183w" sizes="(max-width: 305px) 100vw, 305px" /></figure><div class="wp-block-media-text__content">
<p style="font-size:19px">Ist die schwäbische Hausfrau ein gutes Vorbild für einen Finanzminister? Sollten die Bürger den demografischen Wandel fürchten? Oder doch eher die Zinsenteignung? Und was ist, wenn die Wirtschaft nicht mehr wächst? Mit ihrem Buch &#8222;Gute-Macht-Geschichten&#8220; stellen Daniel Baumann und Stephan Hebel beliebte Politikerfloskeln auf den Prüfstand und eröffnen neue Perspektiven auf die deutsche Politik. Sie zeigen, wie gezielt eingesetzte Begriffe den Diskurs über die gesellschaftlichen Verhältnisse verändern und das Spektrum möglicher Lösungen beeinflussen.  Zur Buchvorstellung am 22. März 2016 diskutierten die beiden Autoren vor vollem Haus mit  SPD-Politikerin Andrea Ypsilanti. Das Buch erreichte Platz 32 auf der &#8222;Spiegel-Bestsellerliste&#8220; in der Kategorie &#8222;Taschenbuch Sachbücher&#8220;.</p>
</div></div>



<div style="height:24px" aria-hidden="true" class="wp-block-spacer"></div>



<div class="wp-block-columns has-2-columns">
<div class="wp-block-column">
<blockquote class="wp-block-quote is-style-default"><p> <em>„In ihrem Buch zeigen die beiden Autoren Daniel Baumann und Stephan Hebel, wie mithilfe von Sprache knallharte politische Realitäten geschaffen werden.“</em> </p><cite> 3sat &#8222;Kulturzeit&#8220; </cite></blockquote>



<blockquote class="wp-block-quote is-style-default"><p><em>&#8222;Sehr gut verständlich und fachlich versiert. Dem Leser winkt viel Erkenntnisgewinn.&#8220;</em></p><cite> Heinz-J. Bontrup, Ökonomieprofessor </cite></blockquote>



<blockquote class="wp-block-quote is-style-default"><p><em>&#8222;Die Sprache der Macht in verständliches Deutsch übersetzt&#8220;</em></p><cite> SWR </cite></blockquote>



<p></p>
</div>



<div class="wp-block-column">
<blockquote class="wp-block-quote is-style-default"><p><em>&#8222;Eine vorzügliche Analyse … ausgesprochen lesenswert&#8220;</em></p><cite>Nürnberger Nachrichten, Dieter Schwab </cite></blockquote>



<blockquote class="wp-block-quote is-style-default"><p><em>&#8222;Jetzt muss das Buch nur noch zur Standardlektüre für Wirtschaftsredaktionen werden.&#8220;</em></p><cite> Der Freitag </cite></blockquote>



<blockquote class="wp-block-quote is-style-default"><p><em>&#8222;Diese hoch prägnanten Kurzanalysen zur Dechiffrierung der Mythen (&#8230;) machen die Qualität dieser gelungenen Aufklärung aus.</em></p><cite>Rudolf Hickel, Ökonomieprofessor und Publizist, in: Blätter für deutsche und internationale Politik</cite></blockquote>
</div>
</div>

<p>Ist die schwäbische Hausfrau ein gutes Vorbild für einen Finanzminister? Sollten die Bürger den demografischen Wandel fürchten? Und was ist, wenn die Wirtschaft nicht mehr wächst? Das Buch &#8222;Gute-Macht-Geschichten&#8220; rüttelt an beliebten Politikerfloskeln und   eröffnet neue Perspektiven auf die deutsche Politik. Fundiert recherchiert, launig geschrieben. </p>
